ors of u?
2, 12619
Let b be (-2)/9 + 460/45 + -11. List the prime factors of b/(1/(-18)) - (-30)/10.
3, 7
Let u = -57 - -60. Suppose -6*q + u*q = 0. Suppose k - 3*c - 116 = 0, -2*k + q*c + 196 = 3*c. What are the prime factors of k?
2, 13
Let u be (-12)/10*15/6. Let t be u + 796/4 + -4. Suppose -x + 136 + 120 = 4*m, t = 3*m + x. What are the prime factors of m?
2
Suppose 0 = 3*w + 2*c + 24, -w - c = 3*c + 18. What are the prime factors of 75 + (w/1 - -3)?
2, 3
Suppose i = 11 - 8. Let z(a) = 171*a**3 + i - 9*a - 6*a**2 - 170*a**3 + 0. What are the prime factors of z(8)?
59
Let t = 1 + 4. Suppose t*l + 4 = 3*a, -a + 7 + 1 = -5*l. Let g(w) = -18*w - 9. List the prime factors of g(a).
3
List the prime factors of -4 + (-25055)/(-5) + -6.
3, 1667
Suppose h + 20 = 6*h. Suppose 2*r - 5*d = 275, -5*r + h*d + 731 = 6*d. Suppose -4*w + r = -135. List the prime factors of w.
2, 5, 7
Let x be 39/(-13)*2/(-2). Suppose -5 = -x*i - 2, 3*i = 5*q - 32. Suppose -d - q*d = -368. What are the prime factors of d?
2, 23
Let u = 304 - -105. List the prime factors of (-8)/2 + (u - (-12 + 7)).
2, 5, 41
Let l be -4 - 3160/(2/1). Let z be (-28)/(-3)*l/(-154). Let d = z + -16. What are the prime factors of d?
2, 5
Suppose 26*h - 94*h - 79412 = -261652. What are the prime factors of h?
2, 5, 67
Suppose -13*c = -14*c + 10. Suppose 0 = 3*h + 4 - c. Suppose -34 = h*y - 218. What are the prime factors of y?
2, 23
Let k(j) = 10*j**3 + 4*j**2 - 3*j - 6. Let v be k(6). Suppose -v = -5*x + x. List the prime factors of x.
2, 3, 5, 19
Let d(l) = 33*l**2 - 30*l + 73*l**2 - 14 + 25*l. List the prime factors of d(-2).
2, 3, 5, 7
Let g(k) = 20*k**2 + 8*k + 45. What are the prime factors of g(17)?
3, 1987
What are the prime factors of 2/(2/41567) + 12 + 20 + -38?
13, 23, 139
Suppose 80 = -9*n + 7*n. Let z = 36 + n. What are the prime factors of 4 + 78 + 4/z?
3
Let n = 76 - 80. Let k be (-1 + 135 + n)*1. Let s = k + -15. What are the prime factors of s?
5, 23
Let q(h) = -536*h**3 + h. Let m be q(-1). Let r = m - 372. Suppose 4*l = 113 + r. List the prime factors of l.
3, 23
Let t(v) = -31 + 8*v + 36 - 37. Suppose j + 33 = 4*j. List the prime factors of t(j).
2, 7
Suppose -3*h = 4*a - 5*a + 14, 3*a = 2*h + 14. List the prime factors of a + 0 - (-939 - 7).
2, 3, 79
Let z(y) = 2*y**3 - 9*y + 6. Let l be z(3). Let c = 88 + -26. Let o = c - l. List the prime factors of o.
29
Let q be -9*-2*(-2)/12. Let w be (-24)/9 - q - 591/(-9). Let d = 132 + w. What are the prime factors of d?
2, 3, 11
Let x = 6669 + 28060. What are the prime factors of x?
34729
Let g = 29 - 4. Let d = g + -35. What are the prime factors of 5/(25/d)*(-326)/4?
163
Suppose -2*m - 1624 = -5*r, 0 = -4*m - r - 2*r - 3222. List the prime factors of -17 + 16 + (-1 - m).
5, 7, 23
Let h(u) = -u**3 + 3*u**2 - 5*u + 18. Let n be h(3). Suppose n*d - 2*y = 3192 + 72, 5*d = -3*y + 5421. What are the prime factors of d?
2, 3, 181
Let t(u) = 4591*u**2 - 160*u - 20. What are the prime factors of t(4)?
2, 18199
Let p = 16739 - 11611. What are the prime factors of p?
2, 641
Let o(w) be the third derivative of 257*w**6/60 - w**5/60 + w**4/12 - w**3/6 - 136*w**2. List the prime factors of o(1).
2, 257
Let p = 14118 + -3873. What are the prime factors of p?
3, 5, 683
Let v(o) = o**2 + 22*o - 120. Let u be v(-27). Suppose -u*b + 9*b + 5046 = 0. What are the prime factors of b?
29
Let b(q) = 308*q + 1186. What are the prime factors of b(18)?
2, 5, 673
List the prime factors of 13 - 14/(112/(-58328)).
2, 11, 83
Suppose w + 1318 = -2*o, 5*o + 3285 = 31*w - 36*w. Let m = 972 + o. What are the prime factors of m?
311
Let i(l) = 2*l + 30. Let s be i(-15). What are the prime factors of 679/(-7)*(-1 - s)?
97
Suppose 20*h + 8*h = 20*h + 91280. What are the prime factors of h?
2, 5, 7, 163
Let q(r) be the third derivative of 56*r**5/15 + r**4/24 - r**2. Let s be (-4)/6*(2 - 9 - (-242)/44). List the prime factors of q(s).
3, 5
Suppose -17*d = 24*d + 1558. Suppose 2*l - 132 - 188 = 0. Let z = l + d. List the prime factors of z.
2, 61
Let x(h) = -h**2 - 5*h + 5160. What are the prime factors of x(68)?
2, 7
Suppose 0 = 3*j - 0*j + 9, -z - 3*j = 9. Suppose -87*b + 82*b + 10 = z. Suppose 0*r - r + 92 = x, -3*x = b*r - 279. What are the prime factors of x?
5, 19
Suppose -5*r + 3*f = -28714 - 63599, -3*r - 4*f = -55353. What are the prime factors of r?
3, 7, 293
Let x(l) be the second derivative of 7*l**5/10 + l**3/6 - 3*l**2/2 - 2*l + 109. What are the prime factors of x(4)?
3, 13, 23
Let j = -6813 - -15456. What are the prime factors of j?
3, 43, 67
Let h = 30731 + -22111. List the prime factors of h.
2, 5, 431
Suppose -5*z - 47*t + 52*t = -406600, 5*z - 406621 = 2*t. List the prime factors of z.
3, 27109
Suppose 25 = -6*h + 11*h. Suppose -3*w + h = -w + q, -4*w - 25 = -5*q. What are the prime factors of 102 - (w*(-3)/(-9) + -3)?
3, 5, 7
Suppose 2*m - 116*o - 74452 = -111*o, -5*m - o = -186184. List the prime factors of m.
2, 3, 29, 107
Suppose 3*n + 3*n = 13932. Suppose 4*x + n - 490 = 0. List the prime factors of (-3 + 2)/(918/x - -2).
229
Let p = 7758 - 615. List the prime factors of p.
3, 2381
Let i(j) = -j**3 + 3*j**2 + 27*j + 17. Let q be i(7). Suppose 24 = -q*v + 11*v. List the prime factors of v.
2, 3
Let k(h) be the first derivative of -39*h**2 + 115*h + 254. What are the prime factors of k(-17)?
11, 131
Suppose -66*m + 17672 = -64*m + 5*d, 0 = -3*m + 2*d + 26565. List the prime factors of m.
53, 167
List the prime factors of (-1356680)/(-320) - (-2 - 26/(-16)).
2, 5, 53
Let g = -12901 - -46936. What are the prime factors of g?
3, 5, 2269
Suppose 3*m - 70311 = -6*s, 0 = -14*s + 13*s + m + 11714. What are the prime factors of s?
11717
Let z = 33 + -25. Suppose -3*t + 76 = 4*r, -46 = -t + 5*r - z. What are the prime factors of t?
2, 7
Let o = 80 - 76. List the prime factors of o + 48/(-14) + 23025/21.
1097
Let s(k) be the first derivative of -k**4/4 + k**3/3 + 163*k - 2. Let b be ((-3)/2)/(3 - 0)*0. What are the prime factors of s(b)?
163
Let z(f) = -5*f**2 - 28*f - 86. Let y(l) = 10*l**2 + 58*l + 174. Let g(u) = -3*y(u) - 7*z(u). List the prime factors of g(-9).
7, 41
Let y = 96 + -96. Suppose y = 9*z + 6*z - 5760. What are the prime factors of z?
2, 3
Let u = -3912 + 8889. List the prime factors of u.
3, 7, 79
Let r(v) = 7*v + 33. Let d(q) = -20*q - 100. Let n(z) = -3*d(z) - 8*r(z). Let x be n(18). Suppose -u = -19 - x. What are the prime factors of u?
127
Suppose -4*f - 107 - 33 = 0. Let g = 43 + f. What are the prime factors of (-556)/(-16) - (-2)/g?
5, 7
Suppose -v - 33558 + 9172 = -3*d, d = -v + 8130. List the prime factors of d.
11, 739
Suppose -h = 4*g - 2282, -4*h = -2*g + 114 + 1036. Suppose g = 9*o - 1103. What are the prime factors of o?
2, 3, 31
Let a = 52 + -51. Let y be a/(18/8 + -3 - -1). What are the prime factors of (4 + -3 + 1)*110/y?
5, 11
Let t(v) be the third derivative of -v**6/120 + 7*v**5/30 - 3*v**4/4 - 5*v**3 - 2*v**2 + 152. What are the prime factors of t(11)?
3, 5
Suppose 0 = -32*r + 12*r + 40. Let b be ((-2)/4 - 0)*-42. Suppose 3*x - 24 = -4*k + 33, -r*x + b = -3*k. List the prime factors of x.
3, 5
Let s = 8244 - 5740. List the prime factors of s.
2, 313
Suppose 0 = -3*u + 4*j + 70840, -61*j + 63*j = -u + 23610. List the prime factors of u.
2, 5903
Let i be (112/196)/(2/14). Suppose -834 = -2*a + 5*o, a + i*o = -2*a + 1228. List the prime factors of a.
2, 103
Suppose -5*c = -3*u + 286, 4*u = -u - 5*c + 450. Suppose -u = 2*o - 142. List the prime factors of o + 2/3 + 6/(-9).
5
Let l = 19 + -17. Suppose -l = -4*y - y - 3*x, -1 = 4*y + 5*x. What are the prime factors of ((-6)/4)/(y*(-3)/336)?
2, 3, 7
Suppose -2*b + 209 + 99 = 0. Let s = 375 - b. List the prime factors of s.
13, 17
Let v(w) = -w**2 + 17*w - 54. Let y be v(12). Suppose 0*m = 2*m + y, -2*m + 366 = 3*b. What are the prime factors of b?
2, 31
Let m(h) be the first derivative of 19*h**2/2 + 2*h - 65. What are the prime factors of m(19)?
3, 11
Let c = 144 - 212. Let t = c + 237. List the prime factors of t.
13
Let y = 33 + -30. Suppose -4*b + 4*z + y = 7, 3*b - 4*z = -2. List the prime factors of b/(-12) + 3310/12.
2, 3, 23
Let t be (-1)/(0 + 2/4). Let o(l) = -52*l + 1. Let h be o(t). Suppose -4*r - p = -h, 0 = r - 3*p + p - 15. List the prime factors of r.
5
Let